 factors of 449537.
11, 40867
List the prime factors of 366218.
2, 71, 2579
What are the prime factors of 292670?
2, 5, 7, 37, 113
What are the prime factors of 525471?
3, 71, 2467
What are the prime factors of 147330?
2, 3, 5, 1637
What are the prime factors of 203973?
3, 7, 11, 883
What are the prime factors of 6431037?
3, 43, 49853
What are the prime factors of 145770?
2, 3, 5, 43, 113
List the prime factors of 219089.
13, 19, 887
What are the prime factors of 88453?
197, 449
What are the prime factors of 90362?
2, 45181
What are the prime factors of 40850?
2, 5, 19, 43
List the prime factors of 279436.
2, 69859
List the prime factors of 2674821.
3, 457, 1951
List the prime factors of 147457.
147457
What are the prime factors of 74915?
5, 14983
List the prime factors of 2058188.
2, 11, 29, 1613
List the prime factors of 462684.
2, 3, 38557
What are the prime factors of 418819?
418819
What are the prime factors of 88274?
2, 19, 23, 101
What are the prime factors of 27401582?
2, 13, 31, 33997
List the prime factors of 278554.
2, 41, 43, 79
What are the prime factors of 1482844?
2, 11, 67, 503
List the prime factors of 125771.
173, 727
What are the prime factors of 17852?
2, 4463
List the prime factors of 1882026.
2, 3, 19, 5503
List the prime factors of 293898.
2, 3, 11, 61, 73
What are the prime factors of 2695599?
3, 11093
What are the prime factors of 1500544?
2, 19, 617
List the prime factors of 2279285.
5, 607, 751
List the prime factors of 1888494.
2, 3, 449, 701
List the prime factors of 213216.
2, 3, 2221
What are the prime factors of 1462548?
2, 3, 307, 397
What are the prime factors of 1632292?
2, 37, 41, 269
List the prime factors of 11293.
23, 491
What are the prime factors of 23788279?
23, 1013, 1021
What are the prime factors of 1437601?
11, 109
List the prime factors of 8168280.
2, 3, 5, 43, 1583
What are the prime factors of 9579?
3, 31, 103
List the prime factors of 106888.
2, 31, 431
What are the prime factors of 8800786?
2, 4400393
List the prime factors of 392560.
2, 5, 7, 701
List the prime factors of 7392511.
7, 1056073
List the prime factors of 10470697.
10470697
List the prime factors of 261966.
2, 3, 43661
List the prime factors of 198101.
17, 43, 271
What are the prime factors of 904556?
2, 101, 2239
What are the prime factors of 2639192?
2, 329899
What are the prime factors of 599306?
2, 299653
List the prime factors of 470653.
470653
What are the prime factors of 412222?
2, 79, 2609
List the prime factors of 2143899.
3, 23, 10357
What are the prime factors of 857782?
2, 61, 79, 89
List the prime factors of 1051313.
1051313
What are the prime factors of 821768?
2, 139, 739
List the prime factors of 139722.
2, 3, 11, 29, 73
List the prime factors of 3522535.
5, 704507
List the prime factors of 16355529.
3, 1817281
What are the prime factors of 1467720?
2, 3, 5, 151
List the prime factors of 6531700.
2, 5, 7, 31, 43
List the prime factors of 6473747.
7, 61, 15161
List the prime factors of 12888125.
5, 17, 1213
List the prime factors of 3189982.
2, 17, 5519
What are the prime factors of 944117?
131, 7207
What are the prime factors of 375291?
3, 7, 23, 37
List the prime factors of 8592005.
5, 1718401
What are the prime factors of 2302549?
1013, 2273
What are the prime factors of 476175?
3, 5, 7, 907
List the prime factors of 1779411.
3, 29, 113, 181
What are the prime factors of 635818?
2, 257, 1237
What are the prime factors of 350119?
7, 11, 4547
List the prime factors of 12498.
2, 3, 2083
What are the prime factors of 370176?
2, 3, 241
What are the prime factors of 5961575?
5, 238463
What are the prime factors of 288525?
3, 5, 3847
What are the prime factors of 8609025?
3, 5, 79, 1453
List the prime factors of 2331920.
2, 5, 103, 283
What are the prime factors of 9182087?
211, 43517
List the prime factors of 2417526.
2, 3, 14923
What are the prime factors of 1037203?
43, 24121
What are the prime factors of 94984?
2, 31, 383
List the prime factors of 4499501.
73, 61637
What are the prime factors of 2031313?
17, 119489
List the prime factors of 81348.
2, 3, 6779
What are the prime factors of 59628?
2, 3, 4969
What are the prime factors of 863888?
2, 53993
List the prime factors of 58265.
5, 43, 271
List the prime factors of 459478.
2, 229739
What are the prime factors of 669179?
7, 95597
What are the prime factors of 520699?
520699
What are the prime factors of 8260172?
2, 2065043
List the prime factors of 13997061.
3, 13, 119633
List the prime factors of 974212.
2, 243553
What are the prime factors of 689727?
3, 61, 3769
List the prime factors of 10272488.
2, 17, 75533
List the prime factors of 2220802.
2, 1110401
What are the prime factors of 170648?
2, 83, 257
What are the prime factors of 231508?
2, 31, 1867
What are the prime factors of 31333?
31333
List the prime factors of 206897.
206897
List the prime factors of 2422005.
3, 5, 61, 2647
List the prime factors of 631706.
2, 257, 1229
List the prime factors of 31419153.
3, 3491017
What are the prime factors of 3923479?
7, 80071
List the prime factors of 4502676.
2, 3, 375223
List the prime factors of 60740.
2, 5, 3037
List the prime factors of 819794.
2, 409897
List the prime factors of 3773322.
2, 3, 7, 29947
List the prime factors of 354365.
5, 11, 17, 379
What are the prime factors of 19269037?
19269037
What are the prime factors of 922457?
922457
What are the prime factors of 8824754?
2, 4412377
What are the prime factors of 36504307?
7, 73, 71437
List the prime factors of 152905.
5, 53, 577
List the prime factors of 13222555.
5, 97, 137, 199
List the prime factors of 177346.
2, 13, 19, 359
What are the prime factors of 354638?
2, 177319
What are the prime factors of 27548537?
19, 491, 2953
What are the prime factors of 5865797?
7, 613, 1367
What are the prime factors of 1137310?
2, 5, 113731
List the prime factors of 1511007.
3, 199, 2531
What are the prime factors of 3568689?
3, 31, 12791
What are the prime factors of 5160733?
5160733
List the prime factors of 6658277.
41, 251, 647
What are the prime factors of 124455?
3, 5, 8297
What are the prime factors of 418157?
418157
List the prime factors of 1528722.
2, 3, 13, 47, 139
List the prime factors of 510782.
2, 17, 83, 181
What are the prime factors of 13143311?
53, 4679
What are the prime factors of 5305867?
7, 31, 499
What are the prime factors of 14036576?
2, 43, 101
List the prime factors of 9880018.
2, 23, 214783
What are the prime factors of 12633?
3, 4211
List the prime factors of 22595212.
2, 5648803
What are the prime factors of 413592?
2, 3, 19, 907
What are the prime factors of 309625?
5, 2477
List the prime factors of 48639.
3, 31, 523
What are the prime factors of 1333747?
23, 103, 563
What are the prime factors of 291320?
2, 5, 7283
What are the prime factors of 24235118?
2, 31, 390889
List the prime factors of 247838.
2, 83, 1493
List the prime factors of 169529.
47, 3607
List the prime factors of 15792518.
2, 7, 1128037
What are the prime factors of 537701?
547, 983
List the prime factors of 19787905.
5, 223, 17747
List the prime factors of 530111.
17, 31183
List the prime factors of 5066693.
23, 220291
What are the prime factors of 889425?
3, 5, 59, 67
What are the prime factors of 302561?
7, 43223
List the prime factors of 13290843.
3, 97, 45673
What are the prime factors of 261593?
261593
List the prime factors of 639602.
2, 193, 1657
What are the prime factors of 430195?
5, 97, 887
What are the prime factors of 4125184?
2, 7, 1151
List the prime factors of 9568090.
2, 5, 7, 53, 2579
List the prime factors of 9948969.
3, 1105441
List the prime factors of 2263053.
3, 13, 58027
List the prime factors of 4224116.
2, 13, 81233
What are the prime factors of 9213945?
3, 5, 13, 47251
List the prime factors of 12097293.
3, 13, 310187
List the prime factors of 6041423.
59, 102397
What are the prime factors of 4422244?
2, 17, 65033
What are the prime factors of 3352111?
7, 17, 1657
List the prime factors of 15675090.
2, 3, 5, 401, 1303
What are the prime factors of 3618526?
2, 37, 107, 457
What are the prime factors of 4751068?
2, 7, 169681
What are the prime factors of 526990?
2, 5, 151, 349
What are the prime factors of 15526840?
2, 5, 7, 23, 2411
What are the prime factors of 173409?
3, 578